?
False
Suppose 4*k - 3*x = 752, 5*x - 488 = -3*k + 105. Is k a composite number?
False
Suppose -73 = -4*s + 139. Is s a prime number?
True
Suppose 4*r - 1474 = -2*o, -5*r + 734 = -2*o + 3*o. Is o composite?
False
Suppose 7*j - 10*j = -345. Is j composite?
True
Let x(b) = 769*b + 38. Is x(5) a composite number?
True
Let c(v) = -120*v - 7. Let y be c(-2). Let f = 354 - y. Is f a prime number?
False
Let p = -1580 + 1047. Let n = -282 - p. Is n a composite number?
False
Let a(n) = 2*n**2 - 12*n - 17. Suppose 2*u + 20 = -2*v, -2*u - 18 - 12 = -3*v. Is a(u) composite?
True
Suppose 4*n + 3*g = 2075, -4*n + 1824 = -5*g - 275. Is n composite?
False
Let x = 19 + 146. Suppose s = 4*s - x. Is s composite?
True
Suppose 3*t = 8*t - 1065. Is t a composite number?
True
Suppose 21 = -5*o + b, -2*b = 5*o + 9 + 24. Let x(u) = 10*u**2 + 1. Is x(o) composite?
False
Let k be 1/(-4) + (-71)/4. Let m be (-652)/k - (-2)/(-9). Let f = m - 22. Is f a composite number?
True
Let w(c) = 3*c**3 + 4*c**2 - 2*c - 9. Let u(y) = y**3 - y**2 + y - 1. Let z(q) = 4*u(q) - w(q). Let f be z(7). Let r = f - -8. Is r a prime number?
False
Let a(h) = h**3 + 5*h**2 + h + 7. Let k be a(-5). Suppose 4*n = k*v - 48, 3*n - 49 = -2*v + v. Is v a prime number?
False
Let y be (9 - -6)/(6/(-8)). Is (-1388)/y + (-2)/5 composite?
True
Let s be 2/6 - 14/(-3). Let t(v) = -v + 1. Let w be t(0). Suppose b = -3, s*l = 2*b + w + 170. Is l composite?
True
Let y be (-64)/6 - (-6)/9. Is 1/5 + (-2928)/y composite?
False
Let z(o) be the second derivative of -o**4/2 - o**3/3 - o**2 + o. Let d be z(-2). Is (-4)/d - (-326)/22 a prime number?
False
Let h be (-5)/(-2)*(-1 - -3). Suppose 0 = -4*q - 4*v - 0*v + 148, -h*v + 111 = 3*q. Is q a composite number?
False
Suppose 24 = 4*t - 0. Suppose -d - 745 = -t*d. Is d a prime number?
True
Let q = 100 + -49. Let i = q + -22. Suppose n = -3*b + i, 2*b + 2*b - 42 = 2*n. Is b a composite number?
True
Let t(w) = 12*w**2 + w. Let f be t(-6). Let m = 649 - f. Is m composite?
False
Let p be 1*(0 - 1) + 0. Let j(y) = -23*y - 2. Let k(l) = 45*l + 3. Let u(b) = -5*j(b) - 3*k(b). Is u(p) a prime number?
False
Let p be (-1 + -2 + 3)*-1. Suppose 5*t - 325 = -p*t. Is t a composite number?
True
Let r(s) = s**2 - s - 1. Let w be r(0). Let a be 14 + 0 - (-1 + w). Let v = 35 - a. Is v a prime number?
True
Let f(z) = -47*z - 3. Let a(q) = 46*q + 3. Let y(h) = 3*a(h) + 2*f(h). Is y(8) a composite number?
True
Let x(z) = z - 4. Let g be x(6). Let l(q) = -6 - q**2 + 2*q**g + 0*q**2. Is l(-5) composite?
False
Let j = -6 - -4. Let c = j - -4. Is 4/c*62/4 composite?
False
Suppose -3 = g - 3*k, -3*g + 1 = -6*g + 5*k. Suppose -3*d - 6 = g*n, 0 = -2*d + 3*n - 0*n + 11. Is (1 - 0)*d*53 prime?
True
Let n(r) = -247*r - 39. Let m(i) = 13*i + 2. Let d(g) = 39*m(g) + 2*n(g). Let b be d(4). Let o = b - 33. Is o a composite number?
False
Let j = -3484 - -6689. Is j composite?
True
Let x(y) = 4*y + 3. Let z(v) = -21*v - 15. Let g(h) = -11*x(h) - 2*z(h). Let b be g(-2). Let d(p) = 6*p**2 + p. Is d(b) a composite number?
False
Let k be 1/((-1)/(-2)*1). Suppose 0 = -4*o + 5*z + 11, 4*z - k = 3*o - 10. Suppose -2*d + 9 = o*x - 21, 0 = 5*x + 15. Is d prime?
False
Suppose 74 = 9*f - 7*f. Is f prime?
True
Let l(b) = 5*b**2 + 5*b + 1. Suppose 17 + 4 = -3*q + 2*f, 0 = -4*f. Is l(q) prime?
True
Is 1/1*(-20415)/(-15) a prime number?
True
Suppose -3*h = 2*l - 277, 2*h + 4*l + l = 203. Is h composite?
False
Let m = -3 - -3. Suppose -h + m*d = 5*d - 206, -5*h = -4*d - 1059. Is h a composite number?
False
Suppose -3*o + 303 = -2232. Let k = o + -364. Is k a prime number?
False
Suppose n + 2*r - 1 = 7, -4*n + 20 = 5*r. Suppose -g + 74 = -n*g. Is g prime?
False
Let k = -1644 - -4579. Is k composite?
True
Suppose -k = 9*k - 350. Is k composite?
True
Suppose -2*j = 5*t + 7 - 132, -4*t - 4*j + 100 = 0. Suppose -5*u = t, 2*u + 2*u = -5*g + 245. Is g a prime number?
True
Suppose -k + 3*k = 242. Is k prime?
False
Let o = -7 - -12. Let k(m) = m**3 - 4*m**2 - 5*m - 6. Let v be k(o). Is (-16)/(-3) + (-4)/v a prime number?
False
Suppose 0 = 2*g - 159 - 247. Is g prime?
False
Suppose -2*v - 2*c + 167 = -87, -4*c - 127 = -v. Is v a prime number?
True
Suppose 0 = -0*b + 3*b - 174. Is b prime?
False
Let s = 3418 - -525. Is s a composite number?
False
Suppose 3*w - 8*w + 4*x - 6 = 0, x - 14 = -5*w. Suppose -d = w + 2. Is (-637)/(-5) - d/(-10) composite?
False
Suppose -s - 165 = -6*s. Is s prime?
False
Let s(g) = 370*g - 46. Is s(6) a composite number?
True
Let k = 1028 + -636. Is 3/1 + (k - 0) composite?
True
Let b(d) = 26*d - 7. Is b(3) a composite number?
False
Suppose 0 = 3*u + 15 - 33. Suppose 5*r = 18 + 27. Is 1514/6 + u/r a composite number?
True
Let p(c) = -c - 3. Let h be p(-4). Let y be h + (-1 - (-138 + -2)). Suppose 7*g - y = 3*g. Is g composite?
True
Let b(y) = y**3 + 10*y**2 - 8*y + 5. Let v be b(-9). Let n = v + -107. Is n composite?
True
Let j(r) = 271*r**2 + 4*r - 5. Is j(-4) a composite number?
True
Let b be 7*((-66)/(-7) - 0). Let k = b + 37. Is k a composite number?
False
Suppose -3*k + k = 0. Let i(f) = -f**3 + f + 1. Let u be i(k). Suppose 5*x + u = 46. Is x a composite number?
True
Let p be (1/(-1))/(3/(-9)). Suppose 2*s + s = p*c - 234, s = -4*c + 337. Is (c/3)/(2/6) composite?
False
Let c = 3 + -1. Suppose -158 - 32 = -c*l. Is l a prime number?
False
Let x = 926 - 415. Is x a prime number?
False
Let q(p) = p**3 - p - 1. Let f(z) = 178*z**3 + 6 - z + 6*z + 73*z**3. Let s(d) = f(d) + 5*q(d). Is s(1) prime?
True
Let v be 14/3*(-24)/(-4). Let z = v - -3. Suppose f = 5*d - 113, 4*d - 5*f - 51 = z. Is d composite?
False
Let b(m) = 114*m - 1. Is b(13) a prime number?
True
Suppose 5*a - 4*u = -129 + 602, 5*a + 2*u = 491. Let r = 254 - a. Is r prime?
True
Let o(h) = 4*h**2 - 3*h - 14. Let r be o(13). Suppose -4*d = 5*m - r - 492, -5*m = -d - 1115. Is m a composite number?
False
Let s(m) be the second derivative of 7*m**4/6 - m**3/2 + 6*m**2 + 9*m. Is s(-5) a composite number?
True
Suppose 5*i - 2447 = 4*q, 4*i - 2405 = 5*q - 442. Is i prime?
True
Let y(h) be the first derivative of -49*h**4/2 + h**2/2 - 1. Let w = -3 - -2. Is y(w) a prime number?
True
Suppose 611 = 4*x - 337. Is x a prime number?
False
Let c(o) = -o**3 + 8*o**2 - 5*o - 2. Let n be c(5). Let m = n - 10. Is m a prime number?
False
Suppose 0 = -b - 0*b. Suppose 4*s - 3 = -f + 85, -5*s + 3*f + 93 = b. Is s a prime number?
False
Suppose -4*h = x - 9, -3*h = -3*x + 7*x + 3. Suppose 0 = h*k + 4*q + 17 + 29, -5*k - 130 = -4*q. Let y = 37 + k. Is y composite?
True
Let b(h) = -h**3 + h**2 + h + 2. Let i be (-14)/(-8) - (-2)/8. Let v be b(i). Let y = 25 + v. Is y a prime number?
False
Suppose -2*v = 2*p + 2, v - 14 = -3*v + 2*p. Let y(t) = -9*t + v*t + 21 + 5*t**2 - 20. Is y(8) a composite number?
True
Let u(r) = 7*r**3 + 2*r**2 - r + 7. Let i(j) = -3*j**3 - j**2 - 4. Let w(s) = 5*i(s) + 3*u(s). Suppose 3*m = 5*m + 10, -2*g - 4*m = 16. Is w(g) prime?
True
Let p(i) = i**3 + 7*i**2 + 5*i - 2. Let z be p(-6). Let j = -58 - -101. Suppose -z*g = 2*m - 46, 4*g = -2*m - m + j. Is g a prime number?
True
Suppose 23 - 11 = 3*v. Is 145*(0 - v)/(-4) prime?
False
Suppose -3 = -4*h + 1. Is (0 + -2 + 69)/h prime?
True
Suppose -28 = -k + 2*k. Let u = k + 87. Is u composite?
False
Suppose 4*l = 5*s + 28 - 327, 0 = 3*s - 4*l - 181. Is s a composite number?
False
Let b(t) = -14*t - 6. Is b(-10) a composite number?
True
Suppose 7 = 5*x - 4*x. Suppose -x*a = -6*a - 167. Is a a composite number?
False
Let d be (-6)/(-1)*(-10)/(-6). Let z(p) = p**2 + 3*p - 3. Is z(d) a composite number?
False
Suppose 20*i - 30 = 18*i. Is i a composite number?
True
Let a = 180 - -29. Is a a prime number?
False
Suppose 2*b = -4*k - 240 + 1270, -5*b - 5*k = -2580. Is b a prime number?
False
Let n be (-16)/(-24) - 26/(-6). Suppose 5*r = -5*y + 190, 0 = -3*r + n*y + 3 + 71. Is r a prime number?
False
Suppose 2*v = 7*v - 2945. Is v prime?
False
Suppose -8*s = -9062 - 386. Is s a prime number?
True
Let z(c) = 9*c**2 - 25*c - 17. Is z(14) prime?
False
Let f be (3 - -1)*(-1)/(-2). Suppose -f*v + 34 = 2*t, -5*t + 0*v + 4*v = -121. Is t a composite number?
True
Let s = -20 - -15. Let z(u) = 2*u + 1. Let j(n) = -n. Let v(o) = 3*j(o) + z(o). Is v(s) a prime number?
False
Let y(h) = 3*h**2 - 17*h - 7. Is y(-12) 